- 6/21. Suppose -6*h = -h - v. What is the remainder when h is divided by (-1)/2*(-80)/2 + 0?
17
Let q be -4*7/((-14)/13). Suppose -3*r = -5*r + q. What is the remainder when 75 is divided by r?
10
Suppose 5*g - p - 461 = 0, -3*p = 2*g - 4*p - 182. Calculate the remainder when 927 is divided by g.
90
Suppose 3*t + i - 44 = 0, 18*i - 68 = -3*t + 23*i. Calculate the remainder when 45 is divided by t.
13
Let y(h) = 180*h**2 + 25*h + 66. Calculate the remainder when y(-4) is divided by 37.
34
Calculate the remainder when 94 is divided by ((-3)/(-3)*4)/(3/18).
22
Let z be 3 - 3 - 5 - -7. Suppose 10*l = z*l + 40. What is the remainder when l is divided by 2?
1
Suppose i + 114 = -4*p - i, 3*p + 2*i = -84. What is the remainder when 2/(-10) - 816/p is divided by 10?
7
Suppose 0 = 6*i - 30 - 162. Suppose 0 = -5*n + 3*n + j + i, 5*j - 20 = 0. Calculate the remainder when n is divided by 7.
4
Let y(k) = -2*k**3 + k**2 - k - 13. Let c = 222 - 195. Calculate the remainder when y(-5) is divided by c.
24
Suppose 2*g - 3*n - 21 = -g, 3*g - 19 = n. What is the remainder when ((-98)/g)/((-1)/9) is divided by 30?
27
What is the remainder when ((-165)/3 + -4)/(-1) is divided by 24?
11
Let f = -41 - -68. Let t = -54 + f. What is the remainder when 4 is divided by 4/(-3)*t/12?
1
Suppose -r + 3*t = -12 - 16, 0 = -3*r + 3*t + 108. Let w = -167 - -282. Calculate the remainder when w is divided by r.
35
Calculate the remainder when 164 is divided by (-51)/10 - -5 - 1683/(-30).
52
Let b(r) = 99*r + 44. What is the remainder when b(3) is divided by 18?
17
Suppose -6*u + 3545 + 229 = 0. What is the remainder when u is divided by 105?
104
Suppose -387 = 27*j - 954. Calculate the remainder when 39 - (-1)/(-2 + 1) is divided by j.
17
Let d be ((-63)/(-105))/(1/90). Suppose -60*r = -d*r - 186. Let z(q) = q**2 + 17. Calculate the remainder when r is divided by z(0).
14
Suppose 4*o + 50 = s, -s + 48 = 2*o - 4*o. Let z = 51 + -27. What is the remainder when s is divided by z?
22
Let m(s) = -2*s + 80. What is the remainder when m(-31) is divided by 8?
6
Suppose -2*k + 10 = -0. Let n be 2/(-4)*-4 - 2. Suppose 4*c = -y - 1 - 2, 5*c + 25 = n. What is the remainder when y is divided by k?
2
Suppose -3*b = f + 4*f - 21, 3*f - 21 = -3*b. Suppose b*p + 52 = 9*p. What is the remainder when p is divided by 7?
5
Let d(c) = c**3 - 14*c**2 + 4*c - 8. Calculate the remainder when d(14) is divided by ((-26)/4)/((-2)/4).
9
Let p be 4/6 - 16/(-12). Suppose 0 = i + b - 11, -4*i + p*b + 26 = -30. What is the remainder when 179 is divided by i?
10
Suppose 4*l - 2*l = 0. Suppose 2*j - 13 - 9 = l. Calculate the remainder when 65 is divided by j.
10
Suppose j = -12 - 1. Let z = 25 + j. Let f(m) = -m**2 + 19*m - 14. What is the remainder when f(15) is divided by z?
10
Let f = 1202 + -1156. Calculate the remainder when 595 is divided by f.
43
Suppose -3*d + 14 + 22 = 5*t, 0 = 4*d + 12. What is the remainder when 37 is divided by t?
1
Let q = 180 - 95. What is the remainder when q is divided by 45?
40
Calculate the remainder when 87 is divided by 2/(-14) + 1650/35.
40
Let r(b) = b**2 - b. Let k(q) = -2*q**2 + 3*q + 4. Let c(a) = -k(a) - r(a). What is the remainder when 76 is divided by c(6)?
16
Let b = -290 + -29. Let s = b + 490. Suppose 74 + s = 5*d. Calculate the remainder when d is divided by 13.
10
Let c = -113 - -233. Calculate the remainder when c is divided by 11.
10
Let p = -110 - -165. Calculate the remainder when p is divided by ((-16)/(48/(-9)))/((-6)/(-16)).
7
Suppose 3*l = -5*d - 95, d + 0*d + 32 = 2*l. Let g = d - -31. What is the remainder when g is divided by 7?
2
Suppose 0 = -0*a + a - 17. Let p = -73 - -40. Let k = -23 - p. What is the remainder when a is divided by k?
7
Let d(g) = -2*g**3 + 2*g**2 + 4*g + 3. Let q = -309 - -313. Suppose -q*b + k = -216, 3*b + 3*k = -2*b + 287. Calculate the remainder when b is divided by d(-2).
17
Suppose 5*v + 2*v = 1477. Calculate the remainder when v is divided by 53.
52
Suppose -d = -3 - 3. Calculate the remainder when (-130)/(-75)*5 + 2/d is divided by 5.
4
What is the remainder when 123 is divided by 8*(-22)/(-4) + 13 + -13?
35
Let r = 49 - 28. Let p = 10 + 2. Calculate the remainder when r is divided by 0*(-4)/8 + p.
9
Calculate the remainder when 120 is divided by (364/(-21) + 14)/((-2)/21).
15
Calculate the remainder when ((-814)/(-4))/1 + 80/160 is divided by 52.
48
Suppose 4 - 28 = -2*m. Let r(b) = -b. Let p(d) = 2*d**2 + 32*d + 27. Let k(n) = -p(n) - r(n). What is the remainder when k(-12) is divided by m?
9
Let w = -34 - -49. Let k be (-1)/3 + (-805)/w. What is the remainder when 24 is divided by (2/4)/((-3)/k)?
6
Let c(v) = -54*v - 2. Let b be -2*((-15)/6)/(-5). Calculate the remainder when c(b) is divided by 27.
25
Let t(v) = -v**3 - 24*v**2 + 40*v + 22. Calculate the remainder when t(-26) is divided by 48.
46
Let t(a) = 2*a**2 - 5. Let q be t(0). Let w(g) = g**2 - 2*g + 9. What is the remainder when w(6) is divided by ((-2)/q)/((-7)/(-315))?
15
Let d = -165 - -161. Calculate the remainder when 12 is divided by ((-6)/9)/(d - (-188)/48).
4
Suppose -132 + 47 = -5*x - 2*o, 0 = -3*x + 4*o + 25. Calculate the remainder when 178 is divided by x.
13
Let r = 43 + -24. Suppose 2*q + 17 = q - 4*i, -2*q + 5*i + 31 = 0. Let n = 8 + q. Calculate the remainder when r is divided by n.
8
Let b = -11 - -9. Let f be b*7/(-2) - 3. Suppose -2*q = -f*x + 112, 3*x = 3*q + 80 - 2. Calculate the remainder when x is divided by 17.
13
Suppose -2*g - 4 = 2*g, 4*g = -5*x + 466. What is the remainder when x is divided by 17?
9
Suppose 25 = u + 4*q, -17*q + 18*q - 22 = -u. Calculate the remainder when 752 is divided by u.
17
Suppose 53*w - 388 = 36. Let o = 20 - -59. Calculate the remainder when o is divided by w.
7
Suppose 5*w - 12 - 3 = 0. Suppose w*d = 39 - 171. Let a = d - -64. Calculate the remainder when 37 is divided by a.
17
Let k = -1 - -11. Let f = 43 - k. Suppose 4*d - 2*d - 36 = 0. Calculate the remainder when f is divided by d.
15
Suppose 45*d - 1679 - 4081 = 0. What is the remainder when d is divided by 62?
4
Suppose 3*p + 19 = -5*o, 0 = -3*p - 0*p - 4*o - 14. Suppose -p*j - 6 + 36 = 0. Calculate the remainder when j is divided by 1.
0
Let s(w) = w**2 + 2*w - 27. What is the remainder when 46 is divided by s(-7)?
6
Let f(y) = 5*y**2 - 19*y - 7. Let r = 25 + -20. Calculate the remainder when f(r) is divided by 12.
11
Suppose 4*f - 3*a = 104, f - 12 - 31 = 5*a. What is the remainder when f is divided by 4?
3
Let d = -720 - -1027. Let v = -210 + d. Suppose -3*i = w - v, -2*w - 23 = -i - 0*w. Calculate the remainder when i is divided by 17.
14
Let o be -1634*((-27)/6 + 4). Suppose -285 = 4*a - o. Calculate the remainder when a is divided by 45.
43
Let v = 22377 - 22369. Let i(o) = 4*o**2 + 4*o - 1. Calculate the remainder when i(-3) is divided by v.
7
Let q = 98 + -76. Let p(z) = -2*z**3 - 4*z**2 - 2*z - 5. Let y be p(-5). Let t = y + -90. Calculate the remainder when t is divided by q.
21
Let g = -39 + 61. Suppose -g = -2*a + 3*a. Let n = -21 - a. Calculate the remainder when 2 is divided by n.
0
Calculate the remainder when ((522/8)/29)/((-1)/(-468)) is divided by 24.
21
What is the remainder when 225 is divided by (27/(-6))/(2/(-36))?
63
Suppose 2*f - 28 = 4*l, 2*l - l - 8 = -f. Calculate the remainder when 55 + -1 - (-11 + f) is divided by 14.
13
Let l = -232 + 472. What is the remainder when l is divided by 22?
20
Let i = 492 - 444. What is the remainder when 380 is divided by i?
44
Suppose 0 = -945*h + 942*h + 39. Calculate the remainder when 28 is divided by h.
2
Suppose -4*k = f - 224, 4*k - 216 = -5*f + 6*f. What is the remainder when 57 is divided by k?
2
Suppose 3*v - 326 = -h, -16*h - 223 = -2*v - 11*h. Let m = 32 + -4. What is the remainder when v is divided by m?
25
Suppose 219 = 4*g - 3*z, -2*z - 10 = -0*z. What is the remainder when 203 is divided by g?
50
Suppose 3*m = 761 - 593. Calculate the remainder when 119 is divided by m.
7
Suppose w = 35 + 3. Let p be 12 - 11 - (-50 - 0). Suppose 4*q = -a + 41, 0 = -5*q - 4*a + 3 + p. What is the remainder when w is divided by q?
8
Suppose 16 = c - 3*w, 0 = c - 4*c - 2*w + 15. What is the remainder when 110 is divided by c?
5
Calculate the remainder when 66 is divided by -1 + -1 + 0 + 2629/239